 prime factors of 2328793.
227, 10259
What are the prime factors of 211487?
61, 3467
What are the prime factors of 200055?
3, 5, 13337
What are the prime factors of 208352?
2, 17, 383
What are the prime factors of 3107515?
5, 17, 36559
List the prime factors of 894843.
3, 19, 5233
What are the prime factors of 6407689?
613, 10453
List the prime factors of 5164910.
2, 5, 31, 16661
What are the prime factors of 474137?
474137
What are the prime factors of 88512?
2, 3, 461
List the prime factors of 90510.
2, 3, 5, 7, 431
What are the prime factors of 515628?
2, 3, 14323
What are the prime factors of 199546?
2, 17, 5869
List the prime factors of 1282107.
3, 427369
What are the prime factors of 1612846?
2, 311, 2593
What are the prime factors of 156947?
7, 3203
List the prime factors of 981283.
981283
What are the prime factors of 186379?
186379
What are the prime factors of 3679295?
5, 43, 109, 157
List the prime factors of 1909681.
37, 51613
List the prime factors of 5961261.
3, 79, 25153
List the prime factors of 25460261.
103, 151, 1637
List the prime factors of 793908.
2, 3, 7351
What are the prime factors of 7258652?
2, 59, 30757
What are the prime factors of 115882?
2, 13, 4457
List the prime factors of 2169186.
2, 3, 361531
List the prime factors of 10573626.
2, 3, 7, 17, 59, 251
List the prime factors of 1907996.
2, 43, 11093
List the prime factors of 1181989.
41, 127, 227
What are the prime factors of 3892625?
5, 11, 19, 149
List the prime factors of 4539218.
2, 683, 3323
List the prime factors of 7305283.
23, 317621
What are the prime factors of 121401?
3, 7, 41, 47
What are the prime factors of 38797002?
2, 3, 718463
What are the prime factors of 3363069?
3, 1121023
What are the prime factors of 278052?
2, 3, 17, 29, 47
List the prime factors of 311918.
2, 263, 593
What are the prime factors of 18350074?
2, 9175037
List the prime factors of 158109.
3, 7, 7529
What are the prime factors of 4466990?
2, 5, 11, 40609
What are the prime factors of 17477628?
2, 3, 7, 208067
What are the prime factors of 430002?
2, 3, 7963
List the prime factors of 5107851.
3, 7, 81077
What are the prime factors of 1846249?
19, 97171
List the prime factors of 1967965.
5, 393593
What are the prime factors of 455735?
5, 7, 29, 449
What are the prime factors of 1776746?
2, 888373
What are the prime factors of 2616435?
3, 5, 19381
What are the prime factors of 346294?
2, 13, 19, 701
What are the prime factors of 17362584?
2, 3, 151, 1597
List the prime factors of 2390188.
2, 491, 1217
List the prime factors of 718785.
3, 5, 15973
List the prime factors of 11492588.
2, 101, 28447
List the prime factors of 126083.
59, 2137
What are the prime factors of 714339?
3, 8819
List the prime factors of 266566.
2, 133283
What are the prime factors of 257822?
2, 17, 7583
List the prime factors of 553486.
2, 17, 73, 223
What are the prime factors of 524893?
524893
List the prime factors of 195729.
3, 53, 1231
What are the prime factors of 1415577?
3, 29, 53, 307
What are the prime factors of 9180915?
3, 5, 612061
List the prime factors of 2404776.
2, 3, 11, 9109
What are the prime factors of 3769049?
19, 163, 1217
What are the prime factors of 2285?
5, 457
List the prime factors of 647953.
647953
List the prime factors of 815302.
2, 407651
List the prime factors of 100373.
7, 13, 1103
What are the prime factors of 4089787?
13, 314599
List the prime factors of 520623.
3, 57847
List the prime factors of 544012.
2, 7, 19429
What are the prime factors of 111864?
2, 3, 59, 79
What are the prime factors of 124894?
2, 7, 11, 811
List the prime factors of 15775499.
1733, 9103
List the prime factors of 8869749.
3, 7, 422369
List the prime factors of 1582640.
2, 5, 73, 271
What are the prime factors of 8474206?
2, 13, 29, 11239
What are the prime factors of 7061682?
2, 3, 1176947
List the prime factors of 342729.
3, 113, 337
What are the prime factors of 982167?
3, 19, 17231
What are the prime factors of 7023053?
7023053
List the prime factors of 1054271.
59, 107, 167
What are the prime factors of 1476594?
2, 3, 7, 11719
List the prime factors of 13911003.
3, 1545667
What are the prime factors of 561749?
61, 9209
What are the prime factors of 12036402?
2, 3, 7, 95527
List the prime factors of 812104.
2, 101513
List the prime factors of 392294.
2, 7, 4003
What are the prime factors of 258561?
3, 28729
What are the prime factors of 888002?
2, 444001
List the prime factors of 357101.
103, 3467
What are the prime factors of 888846?
2, 3, 7, 21163
What are the prime factors of 151224?
2, 3, 6301
List the prime factors of 588048.
2, 3, 12251
List the prime factors of 86039.
97, 887
List the prime factors of 443855.
5, 88771
List the prime factors of 255018.
2, 3, 19, 2237
What are the prime factors of 1397466?
2, 3, 7, 3697
List the prime factors of 443025.
3, 5, 11, 179
List the prime factors of 5885416.
2, 223, 3299
List the prime factors of 345448.
2, 29, 1489
What are the prime factors of 481072?
2, 107, 281
List the prime factors of 3614838.
2, 3, 43, 14011
What are the prime factors of 179894?
2, 11, 13, 17, 37
What are the prime factors of 12017880?
2, 3, 5, 7, 19, 251
List the prime factors of 1150992.
2, 3, 7993
What are the prime factors of 444467?
19, 149, 157
What are the prime factors of 3677266?
2, 263, 6991
List the prime factors of 4008038.
2, 659, 3041
List the prime factors of 11808558.
2, 3, 218677
List the prime factors of 120022.
2, 7, 8573
What are the prime factors of 765415?
5, 7, 19, 1151
What are the prime factors of 3542847?
3, 7, 11, 313
List the prime factors of 1821245.
5, 19, 1009
What are the prime factors of 843622?
2, 13, 71, 457
List the prime factors of 182009.
182009
List the prime factors of 631288.
2, 7, 11273
List the prime factors of 3136939.
13, 241303
What are the prime factors of 2954715?
3, 5, 281, 701
What are the prime factors of 1921221?
3, 17, 29, 433
What are the prime factors of 271176?
2, 3, 11299
What are the prime factors of 28532?
2, 7, 1019
List the prime factors of 5070649.
23, 113, 1951
List the prime factors of 330807.
3, 110269
What are the prime factors of 962764?
2, 11, 21881
What are the prime factors of 227315?
5, 11, 4133
List the prime factors of 105738.
2, 3, 17623
List the prime factors of 222740.
2, 5, 7, 37, 43
List the prime factors of 573560.
2, 5, 13, 1103
List the prime factors of 3063469.
89, 34421
List the prime factors of 175735.
5, 7, 5021
List the prime factors of 234462.
2, 3, 23, 1699
What are the prime factors of 432071?
29, 47, 317
What are the prime factors of 3944662?
2, 107, 18433
What are the prime factors of 834469?
834469
List the prime factors of 7625225.
5, 31, 9839
List the prime factors of 2445757.
2445757
List the prime factors of 28150818.
2, 3, 19, 246937
What are the prime factors of 1307366?
2, 23, 97, 293
List the prime factors of 6423756.
2, 3, 17, 31489
List the prime factors of 2657245.
5, 19, 83, 337
What are the prime factors of 1147208?
2, 143401
What are the prime factors of 799439?
229, 3491
What are the prime factors of 252604?
2, 11, 5741
List the prime factors of 3924291.
3, 7, 186871
List the prime factors of 23205912.
2, 3, 966913
What are the prime factors of 594889?
594889
What are the prime factors of 1412609?
11, 53, 2423
What are the prime factors of 11862674?
2, 5931337
What are the prime factors of 654774?
2, 3, 61, 1789
What are the prime factors of 511601?
103, 4967
List the prime factors of 229189.
229189
List the prime factors of 66248.
2, 7, 13
What are the prime factors of 13555?
5, 2711
What are the prime factors of 17881269?
3, 7, 151, 5639
List the prime factors of 873732.
2, 3, 17, 4283
What are the prime factors of 6875988?
2, 3, 7, 23, 3559
What are the prime factors of 2569234?
2, 1284617
What are the prime factors of 705201?
3, 7, 33581
List the prime factors of 879413.
879413
List the prime factors of 793153.
101, 7853
List the prime factors of 111593.
111593
List the prime factors of 3003418.
2, 11, 136519
List the prime factors of 1779251.
953, 1867
List the prime factors of 14725569.
3, 1019, 4817
What are the prime factors of 3441961?
31, 111031
What are the prime factors of 4742043?
3, 1063, 1487
List the prime factors of 112622.
2, 56311
List the prim